53725450?
50
Calculate the greatest common factor of 1133290 and 29030.
10
Calculate the greatest common factor of 49734890 and 40.
10
Calculate the highest common divisor of 255335 and 76489.
223
What is the highest common factor of 312552 and 19548?
108
What is the highest common divisor of 2 and 1048412?
2
What is the highest common factor of 2864763 and 26334?
1881
What is the greatest common divisor of 277975 and 8216941?
11119
Calculate the highest common divisor of 110068 and 2688.
28
Calculate the greatest common divisor of 6095040 and 3948.
84
What is the highest common divisor of 14416 and 12536514?
1802
What is the highest common divisor of 16 and 32046992?
16
What is the highest common divisor of 1567359875 and 250?
125
What is the highest common factor of 1340 and 428999660?
1340
Calculate the highest common divisor of 14284012 and 17.
17
Calculate the highest common factor of 32618 and 678038.
694
What is the highest common factor of 253090708 and 488?
244
What is the greatest common factor of 311067 and 102787?
41
What is the greatest common divisor of 471 and 60030677?
157
What is the highest common divisor of 191661651 and 10095?
2019
What is the greatest common divisor of 210 and 38282097?
21
Calculate the highest common factor of 97788160 and 2560.
1280
Calculate the greatest common factor of 1918208 and 144.
16
What is the greatest common divisor of 37735158 and 66258?
2454
Calculate the greatest common divisor of 4163518 and 44.
2
Calculate the highest common factor of 679702 and 15370.
58
What is the greatest common divisor of 981035 and 891?
11
What is the highest common factor of 3197372353 and 7379?
7379
What is the highest common factor of 1834 and 5233452?
14
Calculate the greatest common divisor of 93131392 and 16.
16
What is the highest common divisor of 268056 and 1095480?
1224
Calculate the greatest common factor of 68074142 and 82297.
4841
What is the greatest common factor of 2236212367 and 107?
107
Calculate the greatest common factor of 14720689 and 2.
1
What is the highest common factor of 77488 and 1744?
16
What is the greatest common divisor of 4119555 and 330?
165
What is the highest common divisor of 16271541 and 235?
47
Calculate the greatest common factor of 9688 and 12078514.
2422
What is the highest common factor of 16077 and 12078105?
69
Calculate the highest common divisor of 15140806 and 932.
466
Calculate the highest common divisor of 886499 and 2652.
17
Calculate the greatest common factor of 8143109 and 221.
13
What is the highest common factor of 86820 and 4?
4
Calculate the highest common divisor of 651 and 108299926.
217
What is the highest common divisor of 126449 and 23467?
31
What is the highest common factor of 4270731 and 39693?
393
What is the greatest common factor of 166071 and 1738722?
591
Calculate the highest common factor of 336 and 1917111.
21
What is the highest common factor of 8055257 and 7595?
1519
Calculate the greatest common factor of 46675 and 3075.
25
What is the highest common divisor of 44758084 and 112?
28
Calculate the highest common divisor of 191288574 and 8952.
2238
What is the highest common factor of 1391911 and 8894?
4447
What is the greatest common factor of 16464874 and 9010?
1802
Calculate the highest common factor of 22 and 14158.
2
What is the greatest common divisor of 41410952 and 1166?
22
What is the highest common divisor of 4598265 and 140?
35
Calculate the highest common factor of 1701 and 229509.
63
Calculate the highest common factor of 643326 and 9156.
6
What is the highest common divisor of 1751 and 279233?
103
What is the highest common factor of 531545 and 15?
5
What is the greatest common divisor of 27171 and 31230?
9
Calculate the greatest common divisor of 140225 and 818914.
5609
Calculate the greatest common divisor of 810 and 1857897.
81
What is the highest common divisor of 1945 and 141207000?
1945
Calculate the greatest common divisor of 95657 and 1196.
23
Calculate the greatest common factor of 2681152 and 41344.
64
Calculate the highest common factor of 72 and 2788045488.
72
What is the greatest common factor of 6241 and 780520?
79
Calculate the highest common factor of 96 and 554491596.
12
Calculate the highest common divisor of 23219 and 13433850.
3317
What is the greatest common factor of 2314780 and 28652?
1508
Calculate the greatest common divisor of 34485 and 5818978.
209
Calculate the greatest common divisor of 109680 and 402676410.
13710
Calculate the highest common factor of 4359973 and 51.
17
Calculate the highest common factor of 185816187 and 122.
61
Calculate the highest common factor of 2040066252 and 1362.
1362
What is the highest common factor of 9080790 and 36733?
109
Calculate the highest common factor of 304 and 14163189.
19
What is the greatest common divisor of 998928 and 11032?
56
Calculate the greatest common divisor of 60204424 and 168.
56
What is the highest common factor of 8602 and 14434904?
374
What is the greatest common divisor of 3858345 and 135?
45
Calculate the highest common factor of 104716 and 23500.
188
Calculate the highest common divisor of 959868 and 2344.
1172
What is the highest common divisor of 76702313 and 1597?
1597
What is the highest common factor of 11715487 and 161?
161
What is the greatest common factor of 228 and 24114990?
114
Calculate the greatest common divisor of 3852 and 23418.
18
What is the greatest common factor of 4466502 and 2647863?
9423
What is the greatest common factor of 202240 and 1105210?
790
What is the highest common factor of 92846572 and 213028?
11212
What is the greatest common divisor of 18967 and 497393?
13
Calculate the greatest common divisor of 312740 and 6080.
380
What is the highest common factor of 94982917 and 58?
29
Calculate the greatest common divisor of 209174859 and 108.
27
What is the greatest common divisor of 68928 and 31296?
192
Calculate the greatest common divisor of 144409800 and 6060.
6060
Calculate the highest common factor of 1130991 and 30747.
831
Calculate the highest common divisor of 80 and 350947216.
16
Calculate the highest common divisor of 985338 and 52942.
514
What is the highest common divisor of 3573 and 2023579269?
3573
What is the highest common divisor of 344728 and 47110024?
8408
Calculate the greatest common divisor of 4143519 and 262959.
2553
What is the highest common factor of 1280 and 60880?
80
Calculate the highest common factor of 60390 and 48740.
10
What is the highest common factor of 2977 and 1243699?
229
Calculate the greatest common factor of 27232764 and 116.
4
Calculate the highest common factor of 282 and 33732417.
141
What is the greatest common divisor of 23840 and 1995408?
2384
Calculate the greatest common factor of 90 and 1046210.
10
Calculate the highest common divisor of 140729652 and 63.
63
Calculate the greatest common divisor of 224307 and 16.
1
What is the greatest common factor of 628838 and 25746?
14
What is the highest common factor of 1161 and 684861?
129
What is the highest common factor of 379890 and 5741820?
1890
Calculate the greatest common divisor of 362988652 and 4.
4
What is the highest common divisor of 140 and 7415695?
35
Calculate the highest common divisor of 1312 and 14576812.
164
What is the highest common factor of 42 and 5997292?
14
Calculate the greatest common factor of 265 and 3856220.
5
What is the highest common divisor of 2234645 and 533365?
1715
What is the greatest common factor of 7280299 and 1053?
13
What is the greatest common divisor of 2461 and 1103563?
23
Calculate the highest common divisor of 813247 and 1704707.
841
What is the highest common factor of 1209765 and 10110?
15
What is the highest common factor of 244538 and 23366?
14
What is the greatest common factor of 3176 and 7488214?
794
Calculate the greatest common factor of 386775 and 7696345.
955
Calculate the highest common factor of 4636 and 271099372.
4636
What is the greatest common factor of 97495 and 2931140?
3145
Calculate the highest common factor of 24114856 and 56.
8
What is the highest common divisor of 16465 and 48327365?
185
Calculate the highest common factor of 111537 and 216189.
1377
Calculate the greatest common factor of 63392385 and 28140.
7035
What is the greatest common factor of 1